113 prime?
True
Is 586524277 a composite number?
False
Is 12809263 a prime number?
False
Is 9953171 a prime number?
False
Is 4111661 a prime number?
False
Is 62200351 prime?
True
Is 207531349 composite?
False
Is 1236247 composite?
True
Is 96941913 a prime number?
False
Is 10001989 composite?
True
Is 24952147 a composite number?
True
Is 58851887 a composite number?
False
Is 280479949 a composite number?
False
Is 2152333 prime?
False
Is 208370969 prime?
False
Is 5050511 composite?
False
Is 4330867 a composite number?
False
Is 5715343 prime?
True
Is 2754329 prime?
True
Is 41944993 a composite number?
False
Is 337516846 composite?
True
Is 2140574 a composite number?
True
Is 12264761 a composite number?
True
Is 1793201 a composite number?
True
Is 127923773 composite?
False
Is 593053 composite?
True
Is 13548467 a prime number?
True
Is 8454833 a prime number?
False
Is 3502231 a prime number?
True
Is 3691999 prime?
False
Is 112776337 prime?
False
Is 23365759 a prime number?
False
Is 131530363 a prime number?
False
Is 53005621 composite?
False
Is 1194989 prime?
False
Is 1980697 prime?
True
Is 2235241 composite?
True
Is 51079621 composite?
False
Is 1741723 a prime number?
True
Is 139552341 prime?
False
Is 165198629 composite?
False
Is 8011895 composite?
True
Is 654276541 prime?
True
Is 60238723 composite?
True
Is 10619485 prime?
False
Is 520001 a prime number?
False
Is 6188047 prime?
False
Is 25226347 composite?
False
Is 227497 prime?
True
Is 5789743 composite?
False
Is 501237371 prime?
False
Is 13848943 a prime number?
True
Is 5178763 prime?
False
Is 1321891 prime?
True
Is 12006923 a composite number?
False
Is 119282479 a prime number?
False
Is 3649253 a prime number?
True
Is 2717027 prime?
True
Is 4754653 a prime number?
True
Is 1693789 prime?
False
Is 63359179 a prime number?
False
Is 274743431 composite?
False
Is 599713 composite?
False
Is 1965497 a composite number?
False
Is 328188401 a composite number?
False
Is 2265611 a composite number?
False
Is 1556374 composite?
True
Is 60504553 composite?
True
Is 232063409 prime?
True
Is 4967377 prime?
True
Is 5748719 a prime number?
True
Is 684137 composite?
True
Is 124354393 composite?
False
Is 62447654 a prime number?
False
Is 12768479 a composite number?
True
Is 228467 prime?
False
Is 715151 a prime number?
True
Is 200610019 a prime number?
True
Is 337557091 a prime number?
True
Is 7667599 a composite number?
False
Is 3092797 a prime number?
True
Is 2178229 a prime number?
False
Is 49112081 a composite number?
False
Is 167240323 composite?
True
Is 651846893 prime?
True
Is 3491287 prime?
True
Is 15936365 a composite number?
True
Is 65389 a composite number?
True
Is 4112333 a prime number?
True
Is 10925459 a prime number?
True
Is 141690749 a prime number?
True
Is 250099081 a prime number?
True
Is 59887643 prime?
True
Is 446438017 prime?
True
Is 2792345 a prime number?
False
Is 37806619 prime?
False
Is 290054287 a prime number?
True
Is 6824239 a prime number?
False
Is 8886643 prime?
False
Is 6005485 a composite number?
True
Is 117482 a composite number?
True
Is 16273347 composite?
True
Is 71023 a prime number?
True
Is 87866609 a composite number?
False
Is 23518867 composite?
True
Is 58787189 prime?
True
Is 162709147 prime?
True
Is 20559361 a prime number?
True
Is 618209 prime?
False
Is 15282341 a composite number?
False
Is 13346897 a composite number?
True
Is 37418047 composite?
False
Is 231979561 a prime number?
False
Is 22162307 a prime number?
True
Is 86551603 prime?
False
Is 734773141 a composite number?
True
Is 19756749 prime?
False
Is 153728345 composite?
True
Is 93881923 a composite number?
True
Is 110273369 a composite number?
False
Is 15556949 a prime number?
True
Is 264763 composite?
False
Is 1092779 a composite number?
False
Is 1134457 prime?
False
Is 9945071 prime?
True
Is 2930191 a prime number?
False
Is 13101131 prime?
False
Is 539855 a prime number?
False
Is 1820515 composite?
True
Is 109037119 composite?
False
Is 135948451 a prime number?
True
Is 540073 a composite number?
True
Is 7570193 a composite number?
True
Is 10306733 a prime number?
False
Is 152673971 composite?
True
Is 406793 a composite number?
True
Is 745669 composite?
True
Is 425794 prime?
False
Is 1878367 a prime number?
True
Is 8128313 a prime number?
False
Is 6485791 composite?
True
Is 1477303 a prime number?
False
Is 564523 prime?
True
Is 12874709 composite?
True
Is 312854963 a composite number?
False
Is 55068901 composite?
False
Is 80624861 a prime number?
True
Is 1202429 prime?
True
Is 46066039 a composite number?
True
Is 13199453 a composite number?
True
Is 24845494 a prime number?
False
Is 1393583 composite?
True
Is 7488227 prime?
True
Is 30508289 a composite number?
True
Is 1846261 a composite number?
False
Is 2735851 a composite number?
True
Is 234897185 prime?
False
Is 1819471 a composite number?
False
Is 6316861 a prime number?
True
Is 14111441 prime?
True
Is 11496187 a composite number?
True
Is 300851 composite?
False
Is 9588581 a composite number?
True
Is 4864369 a composite number?
False
Is 4468069 a composite number?
False
Is 7851457 composite?
False
Is 580910453 a composite number?
False
Is 2312521 prime?
True
Is 259243 a prime number?
False
Is 4329011 a prime number?
True
Is 43499 prime?
True
Is 4095187 prime?
True
Is 593366 prime?
False
Is 6014318 prime?
False
Is 144903371 a prime number?
True
Is 189583 composite?
False
Is 72440567 composite?
False
Is 51096047 a composite number?
False
Is 6409849 a prime number?
True
Is 78476543 a prime number?
False
Is 2608945 a composite number?
True
Is 9418907 a composite number?
False
Is 31841665 a prime number?
False
Is 84899933 a prime number?
True
Is 7091983 a composite number?
True
Is 89442697 a composite number?
False
Is 76967 a prime number?
False
Is 39527333 a composite number?
True
Is 440647 a prime number?
False
Is 250462903 composite?
False
Is 99190807 prime?
True
Is 23073445 a prime number?
False
Is 3584863 a composite number?
True
Is 31508353 prime?
False
Is 6835177 composite?
False
Is 32530913 a prime number?
True
Is 1199729 composite?
True
Is 11661101 prime?
True
Is 457078 composite?
True
Is 65513473 composite?
False
Is 345417029 a prime number?
True
Is 60096979 a prime number?
False
Is 216877 composite?
False
Is 243517 a composite number?
False
Is 413285 a composite number?
True
Is 1926697 prime?
True
Is 15311323 prime?
True
Is 54763363 a prime number?
False
Is 745513 a prime number?
False
Is 9587939 a composite number?
False
Is 174264647 composite?
False
Is 29931817 a composite number?
False
Is 5610259 a composite number?
True
Is 8281505 composite?
True
Is 468122041 a prime number?
False
Is 143319577 a composite number?
True
Is 8287681 composite?
True
Is 755473 a composite number?
False
Is 271037407 a composite number?
True
Is 5313797 a composite number?
False
Is 563099 a prime number?
True
Is 16145 a composite number?
True
Is 483071 prime?
True
Is 1317185 prime?
False
Is 3598793 prime?
False
Is 4199989 composite?
False
Is 90744671 a composite number?
False
Is 19051907 a composite number?
True
Is 74326117 prime?
False
Is 4133237 a composite number?
False
Is 8107261 a prime number?
True
Is 17666303 composite?
False
Is 152036485 a composite number?
True
Is 20573881 a prime number?
False
Is 34532561 composite?
True
Is 195801847 a composite number?
False
Is 1080749 prime?
True
Is 149617939 a prime number?
True
Is 1189493 prime?
False
Is 339127639 a composite number?
False
Is 155618621 a prime number?
False
Is 2681237 a composite number?
True
Is 102239719 composite?
False
Is 4022371 prime?
True
Is 2595997 a composite number?
True
Is 396958 a prime number?
False
Is 91665641 a prime number?
True
Is 353659 a composite number?
True
Is 60964049 a composite number?
True
Is 29656855 a composite number?
True
Is 274054343 prime?
True
Is 2741965 a composite number?
True
Is 24554989 a prime number?
True
Is 9021449 prime?
True
Is 2429923 composite?
False
Is 7380871 prime?
False
Is 50132707 prime?
False
Is 169363939 prime?
True
Is 30372163 composite?
False
Is 3732159 a composite number?
True
Is 890501 composite?
False
Is 67314469 a prime number?
True
Is 1308437 prime?
False
Is 3872473 a composite number?
True
Is 8417327 composite?
False
Is 5713313 a prime number?
False
I